{"id":435,"date":"2013-02-19T23:57:20","date_gmt":"2013-02-19T21:57:20","guid":{"rendered":"http:\/\/www.matkasto.net\/blog\/?page_id=435"},"modified":"2017-11-16T01:15:50","modified_gmt":"2017-11-15T22:15:50","slug":"tervetuloa-verkkolehti-matkaston-livekanavalle","status":"publish","type":"page","link":"https:\/\/matkasto.net\/blog\/tervetuloa-verkkolehti-matkaston-livekanavalle\/","title":{"rendered":"Matkablogi Matkasto Live"},"content":{"rendered":"<p><a href=\"http:\/\/www.matkasto.net\/blog\/tervetuloa-verkkolehti-matkaston-livekanavalle\/mika-matkasto-live\/\" rel=\"attachment wp-att-1787\"><img loading=\"lazy\" decoding=\"async\" data-attachment-id=\"1787\" data-permalink=\"https:\/\/matkasto.net\/blog\/tervetuloa-verkkolehti-matkaston-livekanavalle\/mika-matkasto-live\/\" data-orig-file=\"https:\/\/matkasto.net\/blog\/wp-content\/uploads\/2013\/02\/Mik\u00e4-Matkasto-Live.jpg\" data-orig-size=\"1024,724\" data-comments-opened=\"1\" data-image-meta=\"{&quot;aperture&quot;:&quot;0&quot;,&quot;credit&quot;:&quot;Picasa&quot;,&quot;camera&quot;:&quot;&quot;,&quot;caption&quot;:&quot;&quot;,&quot;created_timestamp&quot;:&quot;1391681564&quot;,&quot;copyright&quot;:&quot;&quot;,&quot;focal_length&quot;:&quot;0&quot;,&quot;iso&quot;:&quot;0&quot;,&quot;shutter_speed&quot;:&quot;0&quot;,&quot;title&quot;:&quot;&quot;}\" data-image-title=\"Mik\u00e4 Matkasto Live\" data-image-description=\"\" data-image-caption=\"\" data-large-file=\"https:\/\/matkasto.net\/blog\/wp-content\/uploads\/2013\/02\/Mik\u00e4-Matkasto-Live.jpg\" class=\"alignnone size-full wp-image-1787\" src=\"http:\/\/www.matkasto.net\/blog\/wp-content\/uploads\/2013\/02\/Mik\u00e4-Matkasto-Live.jpg\" alt=\"Mik\u00e4 Matkasto Live\" width=\"1024\" height=\"724\" srcset=\"https:\/\/matkasto.net\/blog\/wp-content\/uploads\/2013\/02\/Mik\u00e4-Matkasto-Live.jpg 1024w, https:\/\/matkasto.net\/blog\/wp-content\/uploads\/2013\/02\/Mik\u00e4-Matkasto-Live-300x212.jpg 300w, https:\/\/matkasto.net\/blog\/wp-content\/uploads\/2013\/02\/Mik\u00e4-Matkasto-Live-700x494.jpg 700w\" sizes=\"auto, (max-width: 1024px) 100vw, 1024px\" \/><\/a><\/p>\n<p><strong>Matkasto Live on matkablogi, jossa muutamat verkkolehti Matkaston toimittajat ja toisinaan my\u00f6s vierailevat bloggarit kirjoittavat reissuistaan.<\/strong><!--more--><\/p>\n<p>Matkailutoimittaja <strong>P\u00e4ivi Kaarina Laajasen<\/strong> perustama verkkolehti <strong><a href=\"http:\/\/www.matkasto.net\" target=\"_blank\" rel=\"noopener\">Matkasto<\/a> <\/strong>on ilmestynyt tammikuusta 2012. Siin\u00e4 julkaistaan artikkeleita l\u00e4hinn\u00e4 maailman kulttuureista ja kulttuurimatkailusta. Vuoden 2012 marraskuussa Matkaston yhteyteen avattiin my\u00f6s t\u00e4m\u00e4 blogi,<strong> Matkasto Live<\/strong>, jonka tarkoituksena oli alunperin v\u00e4litt\u00e4\u00e4 lehden perustajan reissutunnelmia paikan p\u00e4\u00e4lt\u00e4 v\u00e4h\u00e4n rennommalla otteella.<\/p>\n<p>My\u00f6hemmin Matkasto Liven kirjoittajakaartiin on liittynyt my\u00f6s muita matkailusta innostuneita bloggaajia. Heist\u00e4 <strong>Reetta N\u00e4\u00e4t\u00e4nen<\/strong>\u00a0jatkaa edelleen kirjoittamista. P\u00e4ivi Kaarina Laajasen omat matkajutut ilmestyv\u00e4t nyky\u00e4\u00e4n <a href=\"http:\/\/mangostania.matkasto.net\" target=\"_blank\" rel=\"noopener\"><strong>Mangostania<\/strong><\/a>-blogissa. Kaikki Matkasto Livess\u00e4 ilmestyneet kirjoitukset ovat kuitenkin edelleen luettavissa t\u00e4ss\u00e4 osoitteessa.<\/p>\n<p>Matkasto Livess\u00e4 jokainen matka tai muu erityisaihe julkaistaan omana kategorianaan, jolloin sit\u00e4 on helppo seurata jatkosarjana omalta sivultaan.<\/p>\n<p>Koska kirjoittajat k\u00e4yv\u00e4t viidakoissa, j\u00e4\u00e4tik\u00f6ill\u00e4, autiomaissa ja vuoristoissa, on haasteena usein edes kutakuinkin toimivien nettiyhteyksien l\u00f6yt\u00e4minen. Sen vuoksi osa teksteist\u00e4 kirjoitetaan aluksi ruutuvihkoon tai k\u00e4nnykk\u00e4\u00e4n, jossa ne joutuvat hetken odottamaan julkaisua. Joka tapauksessa ajatuksena on tarjota aitoja matkakuulumisia suoraan sielt\u00e4 jostakin &#8211; \u00a0ja temmata lukija mukaan seikkailuihin eri puolille maailmaa.<\/p>\n<p>Blogia on helpointa seurata, jos sen tilaa s\u00e4hk\u00f6postiin sivun oikeassa laidassa olevasta laatikosta. P\u00e4ivitykset julkaistaan my\u00f6s Matkaston <strong><a href=\"http:\/\/www.facebook.com\/Matkasto\" target=\"_blank\" rel=\"noopener\">FB-sivulla<\/a><\/strong> sek\u00e4 p\u00e4\u00e4toimittajan <strong><a href=\"http:\/\/twitter.com\/Matkasto\" target=\"_blank\" rel=\"noopener\">Twitter-tilill\u00e4<\/a><\/strong>. Reetta on lis\u00e4ksi perustanut omille reissujutuilleen erillisen Facebook-sivun: <a href=\"http:\/\/www.facebook.com\/reetanretket\/\" target=\"_blank\" rel=\"noopener\"><strong>Reetan retket<\/strong><\/a>.<\/p>\n<p>On t\u00e4ysi arvoitus, mist\u00e4p\u00e4in maailmaa seuraavat jutut tulevat! Pysy kanavalla, niin tied\u00e4t \ud83d\ude42<\/p>\n<p>Matkasto Live -tiimin puolesta,\u00a0<strong><a href=\"http:\/\/www.matkasto.net\/blog\/category\/paivi-kaarina-laajanen\/\" target=\"_blank\" rel=\"noopener\">P\u00e4ivi<\/a><\/strong><\/p>\n<p>&nbsp;<\/p>\n","protected":false},"excerpt":{"rendered":"<p>Matkasto Live on matkablogi, jossa muutamat verkkolehti Matkaston toimittajat ja toisinaan my\u00f6s vierailevat bloggarit kirjoittavat reissuistaan.<\/p>\n","protected":false},"author":2,"featured_media":1787,"parent":0,"menu_order":0,"comment_status":"open","ping_status":"open","template":"","meta":{"_exactmetrics_skip_tracking":false,"_exactmetrics_sitenote_active":false,"_exactmetrics_sitenote_note":"","_exactmetrics_sitenote_category":0,"_uf_show_specific_survey":0,"_uf_disable_surveys":false,"jetpack_post_was_ever_published":false,"footnotes":""},"class_list":["post-435","page","type-page","status-publish","has-post-thumbnail","hentry","column","threecol","has-thumbnail"],"yoast_head":"<!-- This site is optimized with the Yoast SEO plugin v27.3 - https:\/\/yoast.com\/product\/yoast-seo-wordpress\/ -->\n<title>Matkablogi Matkasto Live - Matkablogi Matkasto Live<\/title>\n<meta name=\"description\" content=\"Matkasto Live on matkablogi, jossa verkkolehti Matkaston toimittajat ja toisinaan my\u00f6s vierailevat bloggarit kirjoittavat matkakuulumisiaan.\" \/>\n<meta name=\"robots\" content=\"index, follow, max-snippet:-1, max-image-preview:large, max-video-preview:-1\" \/>\n<link rel=\"canonical\" href=\"https:\/\/matkasto.net\/blog\/tervetuloa-verkkolehti-matkaston-livekanavalle\/\" \/>\n<meta property=\"og:locale\" content=\"fi_FI\" \/>\n<meta property=\"og:type\" content=\"article\" \/>\n<meta property=\"og:title\" content=\"Matkablogi Matkasto Live - Matkablogi Matkasto Live\" \/>\n<meta property=\"og:description\" content=\"Matkasto Live on matkablogi, jossa verkkolehti Matkaston toimittajat ja toisinaan my\u00f6s vierailevat bloggarit kirjoittavat matkakuulumisiaan.\" \/>\n<meta property=\"og:url\" content=\"https:\/\/matkasto.net\/blog\/tervetuloa-verkkolehti-matkaston-livekanavalle\/\" \/>\n<meta property=\"og:site_name\" content=\"Matkablogi Matkasto Live\" \/>\n<meta property=\"article:publisher\" content=\"http:\/\/www.facebook.com\/Matkasto\/\" \/>\n<meta property=\"article:modified_time\" content=\"2017-11-15T22:15:50+00:00\" \/>\n<meta property=\"og:image\" content=\"https:\/\/matkasto.net\/blog\/wp-content\/uploads\/2013\/02\/Mik\u00e4-Matkasto-Live.jpg\" \/>\n\t<meta property=\"og:image:width\" content=\"1024\" \/>\n\t<meta property=\"og:image:height\" content=\"724\" \/>\n\t<meta property=\"og:image:type\" content=\"image\/jpeg\" \/>\n<meta name=\"twitter:card\" content=\"summary_large_image\" \/>\n<meta name=\"twitter:site\" content=\"@Matkasto\" \/>\n<meta name=\"twitter:label1\" content=\"Arvioitu lukuaika\" \/>\n\t<meta name=\"twitter:data1\" content=\"1 minuutti\" \/>\n<script type=\"application\/ld+json\" class=\"yoast-schema-graph\">{\"@context\":\"https:\\\/\\\/schema.org\",\"@graph\":[{\"@type\":\"WebPage\",\"@id\":\"https:\\\/\\\/matkasto.net\\\/blog\\\/tervetuloa-verkkolehti-matkaston-livekanavalle\\\/\",\"url\":\"https:\\\/\\\/matkasto.net\\\/blog\\\/tervetuloa-verkkolehti-matkaston-livekanavalle\\\/\",\"name\":\"Matkablogi Matkasto Live - Matkablogi Matkasto Live\",\"isPartOf\":{\"@id\":\"https:\\\/\\\/matkasto.net\\\/blog\\\/#website\"},\"primaryImageOfPage\":{\"@id\":\"https:\\\/\\\/matkasto.net\\\/blog\\\/tervetuloa-verkkolehti-matkaston-livekanavalle\\\/#primaryimage\"},\"image\":{\"@id\":\"https:\\\/\\\/matkasto.net\\\/blog\\\/tervetuloa-verkkolehti-matkaston-livekanavalle\\\/#primaryimage\"},\"thumbnailUrl\":\"https:\\\/\\\/matkasto.net\\\/blog\\\/wp-content\\\/uploads\\\/2013\\\/02\\\/Mik\u00e4-Matkasto-Live.jpg\",\"datePublished\":\"2013-02-19T21:57:20+00:00\",\"dateModified\":\"2017-11-15T22:15:50+00:00\",\"description\":\"Matkasto Live on matkablogi, jossa verkkolehti Matkaston toimittajat ja toisinaan my\u00f6s vierailevat bloggarit kirjoittavat matkakuulumisiaan.\",\"breadcrumb\":{\"@id\":\"https:\\\/\\\/matkasto.net\\\/blog\\\/tervetuloa-verkkolehti-matkaston-livekanavalle\\\/#breadcrumb\"},\"inLanguage\":\"fi\",\"potentialAction\":[{\"@type\":\"ReadAction\",\"target\":[\"https:\\\/\\\/matkasto.net\\\/blog\\\/tervetuloa-verkkolehti-matkaston-livekanavalle\\\/\"]}]},{\"@type\":\"ImageObject\",\"inLanguage\":\"fi\",\"@id\":\"https:\\\/\\\/matkasto.net\\\/blog\\\/tervetuloa-verkkolehti-matkaston-livekanavalle\\\/#primaryimage\",\"url\":\"https:\\\/\\\/matkasto.net\\\/blog\\\/wp-content\\\/uploads\\\/2013\\\/02\\\/Mik\u00e4-Matkasto-Live.jpg\",\"contentUrl\":\"https:\\\/\\\/matkasto.net\\\/blog\\\/wp-content\\\/uploads\\\/2013\\\/02\\\/Mik\u00e4-Matkasto-Live.jpg\",\"width\":1024,\"height\":724},{\"@type\":\"BreadcrumbList\",\"@id\":\"https:\\\/\\\/matkasto.net\\\/blog\\\/tervetuloa-verkkolehti-matkaston-livekanavalle\\\/#breadcrumb\",\"itemListElement\":[{\"@type\":\"ListItem\",\"position\":1,\"name\":\"Home\",\"item\":\"https:\\\/\\\/matkasto.net\\\/blog\\\/\"},{\"@type\":\"ListItem\",\"position\":2,\"name\":\"Matkablogi Matkasto Live\"}]},{\"@type\":\"WebSite\",\"@id\":\"https:\\\/\\\/matkasto.net\\\/blog\\\/#website\",\"url\":\"https:\\\/\\\/matkasto.net\\\/blog\\\/\",\"name\":\"Matkablogi Matkasto Live\",\"description\":\"Verkkolehti Matkaston blogi\",\"potentialAction\":[{\"@type\":\"SearchAction\",\"target\":{\"@type\":\"EntryPoint\",\"urlTemplate\":\"https:\\\/\\\/matkasto.net\\\/blog\\\/?s={search_term_string}\"},\"query-input\":{\"@type\":\"PropertyValueSpecification\",\"valueRequired\":true,\"valueName\":\"search_term_string\"}}],\"inLanguage\":\"fi\"}]}<\/script>\n<!-- \/ Yoast SEO plugin. -->","yoast_head_json":{"title":"Matkablogi Matkasto Live - Matkablogi Matkasto Live","description":"Matkasto Live on matkablogi, jossa verkkolehti Matkaston toimittajat ja toisinaan my\u00f6s vierailevat bloggarit kirjoittavat matkakuulumisiaan.","robots":{"index":"index","follow":"follow","max-snippet":"max-snippet:-1","max-image-preview":"max-image-preview:large","max-video-preview":"max-video-preview:-1"},"canonical":"https:\/\/matkasto.net\/blog\/tervetuloa-verkkolehti-matkaston-livekanavalle\/","og_locale":"fi_FI","og_type":"article","og_title":"Matkablogi Matkasto Live - Matkablogi Matkasto Live","og_description":"Matkasto Live on matkablogi, jossa verkkolehti Matkaston toimittajat ja toisinaan my\u00f6s vierailevat bloggarit kirjoittavat matkakuulumisiaan.","og_url":"https:\/\/matkasto.net\/blog\/tervetuloa-verkkolehti-matkaston-livekanavalle\/","og_site_name":"Matkablogi Matkasto Live","article_publisher":"http:\/\/www.facebook.com\/Matkasto\/","article_modified_time":"2017-11-15T22:15:50+00:00","og_image":[{"width":1024,"height":724,"url":"https:\/\/matkasto.net\/blog\/wp-content\/uploads\/2013\/02\/Mik\u00e4-Matkasto-Live.jpg","type":"image\/jpeg"}],"twitter_card":"summary_large_image","twitter_site":"@Matkasto","twitter_misc":{"Arvioitu lukuaika":"1 minuutti"},"schema":{"@context":"https:\/\/schema.org","@graph":[{"@type":"WebPage","@id":"https:\/\/matkasto.net\/blog\/tervetuloa-verkkolehti-matkaston-livekanavalle\/","url":"https:\/\/matkasto.net\/blog\/tervetuloa-verkkolehti-matkaston-livekanavalle\/","name":"Matkablogi Matkasto Live - Matkablogi Matkasto Live","isPartOf":{"@id":"https:\/\/matkasto.net\/blog\/#website"},"primaryImageOfPage":{"@id":"https:\/\/matkasto.net\/blog\/tervetuloa-verkkolehti-matkaston-livekanavalle\/#primaryimage"},"image":{"@id":"https:\/\/matkasto.net\/blog\/tervetuloa-verkkolehti-matkaston-livekanavalle\/#primaryimage"},"thumbnailUrl":"https:\/\/matkasto.net\/blog\/wp-content\/uploads\/2013\/02\/Mik\u00e4-Matkasto-Live.jpg","datePublished":"2013-02-19T21:57:20+00:00","dateModified":"2017-11-15T22:15:50+00:00","description":"Matkasto Live on matkablogi, jossa verkkolehti Matkaston toimittajat ja toisinaan my\u00f6s vierailevat bloggarit kirjoittavat matkakuulumisiaan.","breadcrumb":{"@id":"https:\/\/matkasto.net\/blog\/tervetuloa-verkkolehti-matkaston-livekanavalle\/#breadcrumb"},"inLanguage":"fi","potentialAction":[{"@type":"ReadAction","target":["https:\/\/matkasto.net\/blog\/tervetuloa-verkkolehti-matkaston-livekanavalle\/"]}]},{"@type":"ImageObject","inLanguage":"fi","@id":"https:\/\/matkasto.net\/blog\/tervetuloa-verkkolehti-matkaston-livekanavalle\/#primaryimage","url":"https:\/\/matkasto.net\/blog\/wp-content\/uploads\/2013\/02\/Mik\u00e4-Matkasto-Live.jpg","contentUrl":"https:\/\/matkasto.net\/blog\/wp-content\/uploads\/2013\/02\/Mik\u00e4-Matkasto-Live.jpg","width":1024,"height":724},{"@type":"BreadcrumbList","@id":"https:\/\/matkasto.net\/blog\/tervetuloa-verkkolehti-matkaston-livekanavalle\/#breadcrumb","itemListElement":[{"@type":"ListItem","position":1,"name":"Home","item":"https:\/\/matkasto.net\/blog\/"},{"@type":"ListItem","position":2,"name":"Matkablogi Matkasto Live"}]},{"@type":"WebSite","@id":"https:\/\/matkasto.net\/blog\/#website","url":"https:\/\/matkasto.net\/blog\/","name":"Matkablogi Matkasto Live","description":"Verkkolehti Matkaston blogi","potentialAction":[{"@type":"SearchAction","target":{"@type":"EntryPoint","urlTemplate":"https:\/\/matkasto.net\/blog\/?s={search_term_string}"},"query-input":{"@type":"PropertyValueSpecification","valueRequired":true,"valueName":"search_term_string"}}],"inLanguage":"fi"}]}},"jetpack_sharing_enabled":true,"_links":{"self":[{"href":"https:\/\/matkasto.net\/blog\/wp-json\/wp\/v2\/pages\/435","targetHints":{"allow":["GET"]}}],"collection":[{"href":"https:\/\/matkasto.net\/blog\/wp-json\/wp\/v2\/pages"}],"about":[{"href":"https:\/\/matkasto.net\/blog\/wp-json\/wp\/v2\/types\/page"}],"author":[{"embeddable":true,"href":"https:\/\/matkasto.net\/blog\/wp-json\/wp\/v2\/users\/2"}],"replies":[{"embeddable":true,"href":"https:\/\/matkasto.net\/blog\/wp-json\/wp\/v2\/comments?post=435"}],"version-history":[{"count":0,"href":"https:\/\/matkasto.net\/blog\/wp-json\/wp\/v2\/pages\/435\/revisions"}],"wp:featuredmedia":[{"embeddable":true,"href":"https:\/\/matkasto.net\/blog\/wp-json\/wp\/v2\/media\/1787"}],"wp:attachment":[{"href":"https:\/\/matkasto.net\/blog\/wp-json\/wp\/v2\/media?parent=435"}],"curies":[{"name":"wp","href":"https:\/\/api.w.org\/{rel}","templated":true}]}}